e s(-94).
7
Let p(d) = 18337*d + 146668. Give p(-8).
-28
Let v(u) = -7*u**2 + 1627*u - 89653. Determine v(90).
77
Let o(u) = -u**3 + 398*u**2 - 9666*u - 152. Give o(26).
4
Let i(w) = 2*w**3 - 309*w**2 - 766*w - 2822. Determine i(157).
161
Let j(y) = -2*y**2 - 297*y - 7663. Give j(-28).
-915
Let r(m) = -m**3 + 2071*m**2 - 617309*m - 1701. Determine r(1710).
9
Let p(w) = w**3 + 29*w**2 - 2203*w - 68357. Calculate p(-33).
-14
Let h(t) = -2*t**3 + 41*t**2 - 7773*t + 146598. Determine h(19).
-6
Let d(f) = 98*f**2 + 149*f + 294. Give d(-2).
388
Let k(o) = -4*o**3 + 79*o**2 - 414*o + 2133. Give k(15).
198
Let h(k) = -247*k**2 + 3593*k - 1897. Determine h(14).
-7
Let n(y) = 43*y - 828. What is n(66)?
2010
Let i(o) = -76*o**2 + 202*o - 7. Determine i(3).
-85
Let o(c) = 27*c**3 - 369*c**2 + 224*c + 127. Give o(13).
-3
Let a(z) = z**3 - 48*z**2 + 259*z + 384. Determine a(8).
-104
Let c(b) = 48930*b + 342344. What is c(-7)?
-166
Let l(x) = -155*x**3 - 8*x**2 + 23*x + 22. Give l(-1).
146
Let q(f) = f**2 + 164*f + 6749. What is q(-82)?
25
Let w(o) = o**3 - 25*o**2 - 2152*o - 13699. Determine w(-7).
-203
Let i(n) = -n**2 - 202*n - 6262. Give i(-161).
339
Let c(v) = -136*v**3 - 950*v**2 - 109*v - 850. Give c(-7).
11
Let k(s) = 16*s**3 + 232*s**2 + 714*s - 62. Give k(-10).
-2
Let d(z) = -8*z**3 - 92*z**2 + 13*z - 264. Give d(-12).
156
Let g(f) = -7058*f - 42405. Calculate g(-6).
-57
Let k(u) = -u**2 - 508*u + 37888. Determine k(-574).
4
Let n(h) = -1706*h + 496. Give n(1).
-1210
Let l(s) = -83*s**2 + 8058*s - 702. What is l(97)?
-23
Let w(r) = 2*r**2 - 2688*r - 313646. What is w(-108)?
-14
Let v(b) = b**3 + 23*b**2 + 18*b - 129. Determine v(-22).
-41
Let r(z) = -z**3 + 440*z**2 + 410*z + 13985. What is r(441)?
314
Let r(w) = -w**2 - 447*w - 49899. What is r(-217)?
11
Let i(n) = 15*n**2 - 2442*n - 101053. Determine i(197).
8
Let a(s) = -632*s + 54370. Determine a(86).
18
Let m(n) = -97*n - 6467. Calculate m(-63).
-356
Let q(v) = 33*v**2 - 1261*v - 732. Determine q(39).
282
Let l(p) = -212*p + 18150. Give l(85).
130
Let h(a) = -3*a**3 + 544*a**2 + a - 129772. What is h(180)?
8
Let a(b) = b**3 + 4*b**2 - 31*b - 47. What is a(-13)?
-1165
Let q(s) = 138*s - 35579. Give q(257).
-113
Let r(z) = 2*z**3 + 108*z**2 - 950*z + 1850. Calculate r(5).
50
Let s(u) = -4*u**3 - 12*u**2 + 34*u - 6. What is s(-8)?
1002
Let s(t) = 2990*t**2 - 721*t + 720. Determine s(1).
2989
Let w(k) = -k**3 + 22*k**2 - 185*k + 4734. Determine w(23).
-50
Let z(c) = 1260*c + 20140. Calculate z(-16).
-20
Let c(r) = -2*r**3 + 1663*r**2 + 4154*r + 13140. Determine c(834).
-204
Let k(u) = -2721*u - 25898. Calculate k(-10).
1312
Let w(j) = j**2 + 90*j - 20492. Give w(-195).
-17
Let z(l) = -10*l**3 + 1585*l**2 + 9863*l - 34. Give z(-6).
8
Let a(v) = v**3 - 6*v**2 + 47*v - 220. What is a(7)?
158
Let w(k) = 1238*k + 2589. Calculate w(-2).
113
Let s(o) = 3*o**2 + 3313*o - 46556. Determine s(14).
414
Let z(c) = -69966*c + 559716. What is z(8)?
-12
Let u(i) = -i**3 - 6*i**2 + 2083*i + 27587. Give u(-14).
-7
Let f(g) = g**2 + 293*g + 27096. Determine f(-189).
7440
Let y(k) = -5*k**2 - 799*k - 7665. Determine y(-10).
-175
Let o(p) = p**3 - 5544*p**2 - 375935*p + 107. Give o(-67).
-27
Let j(m) = 2*m**2 + 827*m - 330866. What is j(-663)?
-29
Let t(m) = -3*m**3 + 14*m**2 - 352*m + 1388. What is t(4)?
12
Let g(i) = -804*i**2 + 5673*i - 240. What is g(7)?
75
Let h(f) = -43*f - 1402. What is h(9)?
-1789
Let i(a) = -80*a**2 - 302*a + 4711. Determine i(6).
19
Let q(m) = -38*m**2 - 512*m + 199. Determine q(-22).
-6929
Let t(b) = 3*b**2 + 513*b - 1026. Give t(2).
12
Let n(w) = 82*w**2 - 1168*w + 252. What is n(14)?
-28
Let v(z) = -4*z**2 - 3550*z - 780869. Give v(-485).
-19
Let b(o) = o**3 + 19*o**2 - 112*o - 352. Determine b(-24).
-544
Let v(n) = -4*n**2 - 737*n - 12017. Calculate v(-166).
101
Let n(k) = 1845*k + 10282. Calculate n(-6).
-788
Let s(g) = -g**3 + 54*g**2 + 43*g + 654. Calculate s(55).
-6
Let l(i) = -4*i**3 - 27*i**2 + 47*i - 17. Calculate l(0).
-17
Let b(q) = -1879*q**2 + 11326*q - 320. Determine b(6).
-8
Let h(v) = 65*v**2 + 421*v - 806. Determine h(-8).
-14
Let o(j) = 4*j**3 + 29*j**2 + 123*j + 280. Calculate o(-4).
-4
Let u(w) = -2*w**2 + 170*w + 137. Calculate u(0).
137
Let k(o) = -15*o**2 + 172*o - 143. Determine k(10).
77
Let t(p) = 3*p**3 - 425*p**2 - 1445*p - 260. Calculate t(145).
465
Let h(b) = -165*b**2 + 1286*b + 2. Give h(7).
919
Let d(a) = 31089637*a + 186537822. Give d(-6).
0
Let z(m) = 17*m**3 - 24*m**2 - 55*m - 46. What is z(-3)?
-556
Let p(h) = h**3 + 45*h**2 - 952*h + 211. Give p(-61).
-1253
Let f(b) = 9374*b - 18857. What is f(2)?
-109
Let i(j) = j**2 + 628*j - 44314. Calculate i(63).
-781
Let q(u) = 91084*u + 546506. Calculate q(-6).
2
Let o(y) = -y**2 - 2101*y + 201765. Give o(92).
9
Let d(m) = 1751*m + 410168. Give d(-234).
434
Let i(l) = 3*l**2 - 542*l - 11126. What is i(196)?
-2110
Let u(t) = 9*t**2 + 191*t - 3178. Calculate u(11).
12
Let j(u) = u**2 + 549*u + 71947. What is j(-216)?
19
Let r(n) = -12*n + 3798. Determine r(47).
3234
Let c(w) = 2*w**3 - 204*w**2 + 231*w - 275. Give c(101).
2654
Let b(q) = -16971*q - 64. What is b(0)?
-64
Let f(m) = m**3 + 58*m**2 + m + 33. What is f(-58)?
-25
Let q(k) = -5*k**3 - 89*k**2 - 18*k - 256. Determine q(-18).
392
Let b(g) = 97*g + 458. What is b(67)?
6957
Let u(o) = -3*o**2 - 255*o - 145. Calculate u(-82).
593
Let o(g) = g**2 - 1341*g - 13514. Calculate o(-10).
-4
Let w(q) = 6*q**2 - 3080*q - 31336. Calculate w(-10).
64
Let x(z) = -5*z**2 - 1492*z + 17936. Determine x(-310).
-44
Let l(p) = -208*p**2 - 881*p - 122. Determine l(-4).
74
Let m(q) = -5*q**2 + 64*q + 559. Determine m(-6).
-5
Let u(k) = k**3 + 60*k**2 - 7525*k + 35979. Calculate u(5).
-21
Let o(p) = 5008*p - 70109. Calculate o(14).
3
Let o(j) = -j**2 + 3625*j - 287087. Calculate o(81).
-23
Let l(g) = -9*g**3 - 15*g**2 - 35*g + 14. What is l(-5)?
939
Let o(c) = 2*c**2 - 217*c - 611. Determine o(0).
-611
Let b(n) = -8*n**2 + 1048*n - 25158. Give b(32).
186
Let z(j) = -j**3 + 30*j**2 - 81*j - 303. What is z(26)?
295
Let o(j) = -29*j**2 + 50*j + 3. Determine o(2).
-13
Let a(f) = -13*f**3 - 340*f**2 - 49*f + 96. What is a(-26)?
18
Let h(i) = -61*i - 5558. Calculate h(-58).
-2020
Let c(j) = 2*j**2 + 217*j - 4946. Determine c(-124).
-1102
Let l(h) = -3*h**2 + 631*h - 703. What is l(208)?
753
Let z(a) = 947266*a + 30312518. Calculate z(-32).
6
Let i(p) = -2471*p - 82981. Give i(-33).
-1438
Let f(j) = 1352*j + 292026. Determine f(-216).
-6
Let r(j) = -j**3 - 80*j**2 + 4344*j - 576. What is r(37)?
-21
Let b(c) = -4*c**2 + 2352*c + 84588. What is b(-34)?
-4
Let w(d) = d**3 - 10*d**2 + 28*d - 87. Calculate w(13).
784
Let g(l) = -1653*l - 74687. Determine g(-45).
-302
Let x(j) = -2800*j - 977203. Determine x(-349).
-3
Let k(l) = 23500*l + 305472. Calculate k(-13).
-28
Let s(o) = -2*o**3 - 66*o**2 + 3411*o - 331. Determine s(-61).
-26
Let l(o) = -4*o**3 - 53*o**2 - 291*o - 4676. Calculate l(-14).
-14
Let g(o) = 4*o + 243. Calculate g(-7).
215
Let d(i) = 140*i**2 + 7215*i - 7205. What is d(1)?
150
Let m(d) = -466*d - 13442. Determine m(-29).
72
Let l(g) = -3*g**2 - 9042*g + 45275. What is l(5)?
-10
Let v(r) = -2*r**3 - 2269*r**2 - 3119*r + 317233. What is v(-1133)?
-7
Let o(c) = 120*c - 7041. Calculate o(55).
-441
Let g(f) = -f**2 + 1610*f + 39229. What is g(-24)?
13
Let z(v) = 48*v**2 + 8343*v + 6740. Calculate z(-173).
-7
Let z(q) = -3*q**3 - 22*q**2 - 154*q - 131. Determine z(-4).
325
Let o(l) = -l**3 + 746*l**2 + 37288*l + 809. Give o(-47).
10
Let t(j) = -99*j**3 - 15*j**2 + 18*j + 1. What is t(1)?
-95
Let w(p) = p**2 + 51*p - 2187. What is w(-80)?
133
Let k(q) = -140*q - 1730. What is k(-2)?
-1450
Let v(d) = -22*d**3 + 1055*d**2 - 2*d + 276. Calculate v(48).
-2124
Let u(m) = -m**3 + 14*m**2 + 325*m - 4647. What is u(15)?
3
Let o(y) = -120866*y - 2900801. Give o(-24).
-17
Let z(v) = 38935*v + 78564. Give z(-2).
694
Let t(x) = -234*x - 263. Give t(-2).
205
Let h(k) = -5*k**3 + 197*k**2 - 1054*k - 28. Determine h(33).
38
Let m(l) = -8*l**3 + 62*l**2 - 72*l - 206. Give m(4).
-14
Let f(r) = -236*r**3 - 927*r**2 - 902*r + 20. Calculate f(-1).
231
Let o(b) = 2*b**3 - 913*b**2 - 6476*b - 39. Determine o(-7).
-130
Let c(a) = -3*a**2 - 44*a + 39. Give c(-17).
-80
Let h(a) = 5*a**3 + 926*a**2 +